t the prime factors of (-2)/4 + 24/16*1021.
1531
Let c = 2 - -20. Suppose c = 3*l - 20. Let b(q) = q + 8. What are the prime factors of b(l)?
2, 11
Let v = -4 - -4. Suppose -4*r + r + 18 = v. Suppose 0 = 3*d - r, 0 = 4*m + 4*d - 2*d - 96. What are the prime factors of m?
23
Suppose -3*o = 2*m + 23, 34 = -4*o + 3*m - 4*m. List the prime factors of (-2256)/o - (-4)/(-6).
2, 5
Suppose -4*z + 14 = s, -10 = -3*s - 2*z + 2. Suppose -s*o + 6 = o. Suppose 4 = 2*v - 2*c, -c + 2 = -o*v + 3*c. What are the prime factors of v?
5
Let r be (5/(-20) + 1)*4. Suppose 0 = r*j - 113 - 55. What are the prime factors of j?
2, 7
Let n(x) = -4*x - 64. Let i be n(-17). Suppose i*d = -4*j + d + 953, -3*j + 706 = 4*d. List the prime factors of j.
2, 11
Suppose 5*z - 80477 = -18*z. What are the prime factors of z?
3499
Suppose 2*m + 59 = 3*k, -5*k - 5*m + 35 = -55. Suppose 0 = 2*p - k - 23. What are the prime factors of p?
3, 7
Let r be 50/(-15) - (-8)/(-12). List the prime factors of (0 + r - -31)/1.
3
Suppose 3*p - 4*o = 2838, 7*o - 3*o = 0. Let s = 600 - p. What are the prime factors of (-12)/(-42) - s/14?
5
Let b(h) = -h**3 + 4*h**2 - h + 3. Let s be b(3). What are the prime factors of ((-372)/(-16))/(s/24)?
2, 31
Let k = 1664 + -600. List the prime factors of k.
2, 7, 19
Let y = 76 - 64. Let r = 9 + -3. Suppose -2*g + r*g = y. What are the prime factors of g?
3
Let t(q) = -47*q**3 - 2*q + 0 - 1 - q**3. Let f = -94 - -93. List the prime factors of t(f).
7
Let l(i) = -47*i - 158. List the prime factors of l(-14).
2, 5
List the prime factors of 1860 - (0 - 4)/(1*-1).
2, 29
Let g(t) = -t**3 - 19*t**2 + 13*t + 26. Let s be g(-20). Suppose 2*w - 226 - s = 0. List the prime factors of w.
2, 7
Let r be (-10)/25 - 32/(-5). Let h be 207 + r/(-7 - -4). Suppose -4*k + 19 = -h. What are the prime factors of k?
2, 7
Let w(g) = 3*g - 9. Let f(v) = 2*v - 9. Let o(k) = 5*f(k) - 6*w(k). Let y be o(5). Let i = y - -65. List the prime factors of i.
2, 17
Let x(s) = -25*s - 11. Suppose -4*n - 12 - 8 = 0. What are the prime factors of x(n)?
2, 3, 19
Let r = 4288 + -820. List the prime factors of r.
2, 3, 17
Let i(k) = -13*k + 4. Let c be i(-6). Suppose -3*n + 47 = -c. Suppose 0 = 3*l - 29 - n. What are the prime factors of l?
2, 3
Suppose -2*c + 193 = -2*i - 545, -5*i - 1109 = -3*c. List the prime factors of c.
2, 23
Suppose y = 5*m + 1331, -17*m + 6535 = 5*y - 12*m. List the prime factors of y.
3, 19, 23
Suppose 0*l - 6 = -2*l. Suppose l*a - 159 = -g, g - 86 - 53 = 2*a. What are the prime factors of (-3)/(-6) + g/6?
5
Let y = -14 - -252. List the prime factors of y.
2, 7, 17
Let r = 47 + 24. Suppose r*b - 69*b - 194 = 0. List the prime factors of b.
97
Let w(c) = -c**3 - 3*c**2 - 5*c + 7. List the prime factors of w(-9).
2, 269
Let n be 2/14 + (-3)/21. Suppose 3*x + n*u + 3*u = 75, -4*x + u = -125. What are the prime factors of x?
2, 3, 5
Let w be -3 + 2/(0 - -2). Let y = -71 + 71. List the prime factors of 8/((y + -4)/w).
2
Suppose 0 = -3*p + 5*b + 213 + 120, 5*p = 5*b + 565. Let w = 178 - p. List the prime factors of w.
2, 31
Let r be (-20)/(-1*(4 + -5)). Let f = -16 - r. Suppose -22 - f = -g. What are the prime factors of g?
2, 13
Suppose 5*f - o - 60 = 0, o - 11 = 4*f - 58. Suppose 4*c + f = 5*c. List the prime factors of c.
13
Let l = 16 - 14. Suppose -l*t = -5*m + 20, 2*m - t - 5 = 4. What are the prime factors of 110*m/(2 + 2)?
5, 11
Let d be ((-7)/21)/(4/12). Let f = d - -37. What are the prime factors of f?
2, 3
Suppose f = 3*u + 25 + 8, 0 = -5*f - u + 101. Suppose -5*g + 224 = -f. What are the prime factors of g?
7
Suppose b = -31 + 7. List the prime factors of (-175)/(-6) - (-4)/b.
29
Suppose 5*h + 16 = -14. Let w(l) = l**3 + 10*l**2 + 4*l + 4. List the prime factors of w(h).
2, 31
Suppose 6*i - 2*o = 3*i + 29, 4*o = -4*i + 52. Suppose 5*t = i + 19. Let j(h) = h**2 - 13. List the prime factors of j(t).
23
What are the prime factors of (13 - 9)*1314/8?
3, 73
Suppose 2*m = -3*k + 10340, 13785 = 4*k + m - 0*m. What are the prime factors of k?
2, 1723
Let a = 41 + -36. Let p be (-24)/16*(-20)/6. Suppose -a*i = p*d - 190, -42 - 49 = -2*i + d. List the prime factors of i.
43
Let z(w) = -7*w**2 - 1 - 12*w - 6 + 12*w**2. What are the prime factors of z(6)?
101
What are the prime factors of 6/(-21) - (-2)/21*2481?
2, 59
Let t(j) = 6*j + 5. Let z be t(-4). Let l = -17 - z. Suppose 5*y - 19 - 7 = 3*m, -m = -l*y + 11. List the prime factors of y.
7
Suppose -10*z - 7342 + 24782 = 0. List the prime factors of z.
2, 109
Let u = -206 + 219. What are the prime factors of u?
13
Let a = 3971 - 2820. List the prime factors of a.
1151
Let h(l) = l**3 - 15*l**2 - 14*l + 19. Suppose -i = -3*i + 32. List the prime factors of h(i).
3, 17
Suppose -j + 5*m = 2*j - 36, -2*j + 4*m = -26. Suppose j = -3*i - 5. Let k(p) = -2*p + 7. What are the prime factors of k(i)?
3, 5
Let i(p) = 13*p + 251. What are the prime factors of i(22)?
3, 179
Let g(d) = d**2 - 14*d - 15. Let p be g(15). Let f be ((p - 1)*10)/(-1). Suppose -3*k + f + 8 = 0. What are the prime factors of k?
2, 3
Let z = -10 - -15. Let k be (-20)/(-8)*6/z. Suppose 0*y = k*y - 39. What are the prime factors of y?
13
Let x(f) = -f**2 + 8*f - 2. Let p(o) = -o - 1. Let u(a) = 2*p(a) + x(a). Let n be 4/1 - (3 + -2). List the prime factors of u(n).
5
Let b(o) = 2*o + 3. Let x be b(-8). Let t = x - -17. Suppose 4*q - 5*h = 139, -t*q + 2*h - 25 + 179 = 0. List the prime factors of q.
41
Suppose y - 3*y = a + 5, 0 = -3*a - 2*y + 5. Suppose -3*u + i = -49 + a, 44 = 4*u - 5*i. List the prime factors of u.
2
Suppose -2*u - 5699 = -5*w, -1746 = -4*w - 4*u + 2830. What are the prime factors of w?
7, 163
Suppose 3*p = 3*b + 1347, 6*b = -p + 2*b + 474. Suppose 3*k - p = 5*c, -5*k + c = -625 - 117. List the prime factors of k.
2, 37
Let i(m) = -m**3 - 9*m**2 + 3*m + 3. Let v be i(-9). What are the prime factors of v/(-4)*15/2?
3, 5
Let r(x) = -6*x**2 - 9*x - 33. Let k(q) = -2*q**2 - 3*q - 11. Let w(o) = 17*k(o) - 6*r(o). What are the prime factors of w(5)?
2, 19
Suppose -3*y + 30 = 3*a, -3*y - a + 5*a = -65. Suppose u = 5*i + 31, -2*i + 5*i = -u + y. Let v = 35 + u. List the prime factors of v.
2, 7
Let k(a) be the second derivative of a**4/24 + 13*a**3/3 - 5*a**2/2 + 7*a. Let y(b) be the first derivative of k(b). What are the prime factors of y(-13)?
13
Let r be 2/(-2)*(1 - 5). Suppose r*n = 4 + 12. List the prime factors of 0 + 34 + (1 - n).
31
Let v be -3 + 1 - (-1 + -1). Suppose 2*n - 16 - 70 = v. What are the prime factors of n?
43
Let q(l) = 3*l**3 + 35*l**2 - 37*l - 10. Let i(v) = v**3 + 12*v**2 - 12*v - 3. Let z(x) = -11*i(x) + 4*q(x). List the prime factors of z(-9).
2, 7
Let t be (-14480)/(-50) - (-6)/(-10). Suppose 2*v - 112 = j - 0*j, 5*v - t = -2*j. What are the prime factors of v?
3, 19
List the prime factors of (-10)/(-20) - 22805/(-10).
2281
Let n be -1 - (-2 + -1) - 2. Suppose 4*f = -n*f + 20. Suppose x = 47 + f. What are the prime factors of x?
2, 13
Let a = 4803 + -2730. What are the prime factors of a?
3, 691
Let o = -1019 + 1523. What are the prime factors of o?
2, 3, 7
Let o = 67 + -64. Suppose -3*t + 4*q + 625 = -12, 0 = -o*t - q + 617. List the prime factors of t.
3, 23
Let w = 3876 - 721. What are the prime factors of w?
5, 631
Let m = 11 + -9. Let p be (-3)/m*(-1 + -1). Suppose -p*d + 2*g + 18 = 0, 4*d - 3*g - 24 = -0*d. List the prime factors of d.
2, 3
Suppose 6 = -3*a, r - 4*a = 2*r + 6. Suppose 0*z - z - 1 = 3*u, 3*u - 2 = r*z. Suppose 2*d - 1 - 3 = u. What are the prime factors of d?
2
Let u = 38 + -46. List the prime factors of 1112/u*(2 - 1 - 2).
139
Let o(x) = -2*x**2 - 11*x - 14. Let z be o(-12). Let s = -88 - z. What are the prime factors of s?
2, 41
Suppose v - 5 = -1. Let l(p) = 7*p**3 - p**3 - 7*p**3 + 3 - 2*p**2 + 2*p**3. List the prime factors of l(v).
5, 7
Let b(x) = -12*x - 26. Let i be b(-11). What are the prime factors of (i*-1)/(-7 + 6)?
2, 53
What are the prime factors of ((-11)/(550/(-20)))/(2/560)?
2, 7
Suppose 0 = 2*s - 0*s. Suppose p = 5*q - 10, -5*q + 7 + 3 = s. Suppose p = -2*x - 45 + 173. List the prime factors of x.
2
Suppose -34 = -3*s - 100. Let q = -12 - s. Let j = 14 - q. List the prime factors of j.
2
Suppose -3*p - 10 = -19. Suppose 1840 = p*b + 7*b. What are the prime factors of b?
2, 23
Suppose 4